Suppose -2*i = -p + 8, i = 2*p + 3*i - r. Is p a prime number?
False
Let y(o) = o**2 + 1. Let x(c) = c**3 + 10*c**2 + 4*c - 1. Let m(h) = -x(h) + 2*y(h). Let b be m(-7). Let l = 3 - b. Is l composite?
True
Let n = 1 + 3. Let i be (0 + 1)*5*29. Suppose 0 = -4*v + 3*z + 106, -5*v - 12 = -n*z - i. Is v composite?
True
Suppose -2*c = -0*c - 4*s - 30, -4*c = s - 96. Suppose 3*t - 70 - c = 0. Is t a prime number?
True
Let g = -5 + -1. Let q(f) = 16*f + 7. Let n(c) = 47*c + 20. Let t(z) = -6*n(z) + 17*q(z). Is t(g) composite?
False
Suppose -1440 = -5*s + 985. Is s a composite number?
True
Let d = -27 - -49. Let l(h) = h**3 - 8*h**2 + 11. Let g be l(8). Let x = d - g. Is x a composite number?
False
Suppose 3 = 2*s - s, 5*s - 1242 = -3*w. Is w prime?
True
Let u be (80/(-12))/5*-3. Let f(x) = 24*x - 5. Is f(u) a composite number?
True
Suppose -2 = 2*w - 6. Let x(r) = w*r - 14*r - r. Is x(-2) prime?
False
Is (-15426)/(-22) - 26/143 prime?
True
Let b be 1/1*1*-4. Let v be ((-16)/(-14))/b*-7. Is (2/(-3))/(v/(-339)) a composite number?
False
Let s(d) = -d - 7. Let l be s(0). Let a = -11 - l. Is (-2)/a + (-18)/(-12) prime?
True
Let j(i) = -i - 1. Let r be j(2). Let v(k) = -2*k**3 - 3*k**2 - 4*k - 6. Is v(r) a prime number?
False
Suppose 3*v - 6*u - 30 = -u, v + 5*u + 10 = 0. Suppose -2*d + 631 = t, -v*d = -5*t - d + 3155. Is t a prime number?
True
Suppose -30*p - 317 = -31*p. Is p a composite number?
False
Suppose 0 = 6*g - 3*g. Suppose g = -o + 3*o - 32. Suppose a - o = -3*l + 9, 5*l = 10. Is a a composite number?
False
Let m = 129 + -58. Suppose 0 = 4*z + m - 891. Is z prime?
False
Suppose -3*r = 2*o + 3, 3*r = -4*o + 6*o + 9. Suppose -2*k - 2 = 2. Is (r + 0)/(k/(-98)) a prime number?
False
Let j be 356*1 + (-9)/3. Suppose -4*w = -5*w + j. Is w a composite number?
False
Let z be -3 + 3 + -4 + -61. Let k = z - -142. Is k a composite number?
True
Let g = -6 + 10. Suppose i - 6 = -w - 0*i, -g*w = -5*i - 69. Suppose -s + w = -0. Is s a prime number?
True
Suppose -342 = -4*v + 982. Is v prime?
True
Suppose 0 = -4*c - 2*g + 22, -2*c - 9 = 4*g - 35. Suppose 4*f - c*f - 4*r - 22 = 0, -5*f - 3*r = -110. Is f a prime number?
False
Let c be (-9)/(-2) - 3/2. Suppose -2*j + 441 = 5*i - 0*j, 4*j = -c*i + 273. Is i prime?
False
Let q(n) = -64*n + 1. Is q(-10) prime?
True
Let y(k) = -3*k - 3. Let c be y(4). Let o = c + 22. Is o prime?
True
Let x(u) = u**3 + 13*u**2 - 6*u - 13. Is x(-12) a prime number?
False
Let c(f) = f**2 + 16*f + 11. Suppose 4*y - 22 = -2. Let z(b) = b**2 + 8*b + 5. Let t(v) = y*z(v) - 2*c(v). Is t(-5) a prime number?
False
Suppose -5*a + 509 = i - 4*i, a - 101 = i. Let q = -20 + a. Is q composite?
False
Let g(h) = h**2 - 3*h + 4. Let l be g(5). Suppose 5*b - 1 = -3*d - 43, 3*d = 4*b - 69. Let s = l - d. Is s prime?
False
Let r = 32 + -48. Is r/(-6)*27/12 a composite number?
True
Suppose -j - 15 = -5*g - 4, 2*j - 2*g = 2. Suppose 3*f + 0*f = j*p + 570, -915 = -5*f - 5*p. Suppose n - 60 = 2*x + 11, -3*n + f = 3*x. Is n prime?
False
Suppose -2*s + y + 25517 = 0, s + 2*s + 4*y - 38259 = 0. Is s a composite number?
False
Suppose -4*l = -8*l - 384. Let o = 65 - l. Is o prime?
False
Let z(j) = j**3 - 14*j**2 - 11*j - 22. Is z(16) prime?
False
Suppose -5*h + 25 = 0, -2*i + 6 = -5*h - 7. Is i composite?
False
Suppose -3*d - 1223 = -4388. Suppose -4*p + d = p. Is p a composite number?
False
Suppose 3 - 32 = o. Let m = 265 - o. Let h = m + -205. Is h composite?
False
Suppose -8 = 4*a - 32. Suppose -2*w - a = 0, -3*t + 2*w + w + 174 = 0. Is t a prime number?
False
Suppose 6*s - 132 = 2*s. Suppose 3*h - 128 = -5*q, -s = -5*q - 2*h + 94. Is q a composite number?
True
Let n(q) = 2*q**3 - 6*q**2 - 6*q + 1. Is n(5) prime?
True
Suppose -3*i + 113 = -358. Is i a composite number?
False
Suppose 0 = 3*o - l - 1740, 2*o + 2*l - 1174 = -2*l. Is o a prime number?
False
Suppose 0*x - 212 = -4*x. Is x prime?
True
Let i = 7 + -5. Suppose -4*k + 5*j - 12 = 0, -i*k - 2*k - 2*j + 16 = 0. Suppose 0 = -k*p - 6 + 58. Is p prime?
False
Let f be (-4 - 6/(-3)) + 4. Suppose 4*j - 3*m = 688, -3*j + 3*m = f*j - 860. Let r = j + -117. Is r prime?
False
Let p = 6 - 2. Suppose 3*i - 4*i = -p*j + 7, -2*i + 2*j + 4 = 0. Suppose i*a + 26 = 271. Is a a composite number?
True
Let y be ((-3)/2)/(6/(-8)). Let x(c) = 2*c + 3*c**2 + 19 - y*c**2 - 3*c. Is x(0) prime?
True
Let k be (28/(-6))/(8/(-108)). Let w be (-1)/4 - 26/(-8). Is 0 - k/(w*-1) a prime number?
False
Let f = 17 - 14. Is 2*(-177)/(-18)*f a composite number?
False
Suppose -3*x + 2*m + 5 = -23, m + 39 = 4*x. Is x a composite number?
True
Suppose 4*m = s - 41, -m - 3*s = s + 6. Let h = 7 - 5. Is (h/3)/(m/(-1455)) prime?
True
Let o(a) = -a**2 + a + 1. Let t(z) = 9*z**2 - 2*z - 5. Let h(w) = 4*o(w) + t(w). Suppose 2*n - 8 = 0, -3*n = 4*q - 6*q - 16. Is h(q) a composite number?
True
Suppose -5*w - 15 = 0, -4*n + 4*w - 2 = -34. Let v = n + 4. Suppose -2*p - p + 21 = -u, -3*p + v = 3*u. Is p a composite number?
True
Let b = 207 + -102. Suppose 544 = j - 9*j. Let i = b + j. Is i prime?
True
Let m = -69 + 147. Let z = m - 41. Is z prime?
True
Let g(k) = k**2 - 9*k + 13. Is g(-8) a prime number?
True
Let f(u) = -4*u - 4*u + 3 + 12*u. Is f(4) a composite number?
False
Suppose 47*x - 31045 = 40*x. Is x prime?
False
Let j be (-2 - (-6)/2)*7. Let z = 56 - j. Is z composite?
True
Suppose 5*v - 5*t - 3325 = 0, -2*v + v + 673 = 3*t. Is v prime?
False
Suppose -3*w = 7*w - 3050. Is w a prime number?
False
Suppose -4*l + 2003 + 3185 = 0. Is l prime?
True
Let c = 393 - 680. Suppose 2*u + 480 = -u. Let q = u - c. Is q composite?
False
Let y(o) = 2*o + 8. Let p(f) = -2*f - 9. Let d(g) = 3*p(g) + 4*y(g). Is d(4) a composite number?
False
Suppose 0 = -22*k + 20*k + 762. Is k a composite number?
True
Let r(j) = -81*j + 16. Is r(-11) a composite number?
False
Suppose -2*y + 2*w + 82 = 0, 4*w - 5*w + 49 = y. Is 22085/y - 4/(-18) prime?
True
Is 4/(-2) + (-1029)/(-7) a composite number?
True
Suppose 7*w = -0*w + 2667. Is w prime?
False
Let x be 3 + (-3808)/(-4) + 2. Suppose -2*y = -5*y + x. Is y prime?
False
Suppose -4*j + 1205 = -3*j. Is j a prime number?
False
Suppose -5*f + 6*f - 5897 = 0. Is f a prime number?
True
Let v = -413 - -295. Let n = -501 + 294. Let m = v - n. Is m a composite number?
False
Let t = -87 - 41. Let s = t - -309. Is s a composite number?
False
Let a(r) = -10*r. Let n be a(-2). Suppose 10*f = 5*f + 115. Let i = f + n. Is i prime?
True
Let s = -13 + 7. Let r(m) = 8*m**2 + 3*m - 7. Is r(s) a prime number?
True
Let b = 9 + -4. Suppose -5*k + 3*g + 908 = g, -3*k - b*g + 551 = 0. Let l = k - 127. Is l a prime number?
False
Suppose -4*f + 658 = -2*g, -2*f - 5*g = -3*f + 151. Is f prime?
False
Suppose 0 = 5*v - 13 + 3, -2*v + 259 = 5*t. Is t composite?
True
Suppose 0 = 5*u - n - 0*n - 6213, -4*u = -n - 4970. Is u prime?
False
Let x be 316/(-4) + (3 - 1). Is x/(-3) + (-3)/(-9) a composite number?
True
Suppose -535 - 230 = -5*u. Is (-5)/(-10) - u/(-2) composite?
True
Let n = 86 - -63. Is n a composite number?
False
Let f(h) = h**2 - 4*h. Let j be f(5). Suppose 0 = -0*i - j*i + 1055. Is i a composite number?
False
Let w = -4997 + 7200. Is w a composite number?
False
Suppose -3*b - 15 = 0, -4*w + 283 = 5*b - 1124. Let y = w + -231. Is y composite?
False
Is (1 - 2)*(-611 + -22) a prime number?
False
Let h = 17 - 2. Is h a composite number?
True
Let a(o) = -3*o**3 - 26*o**2 + 15*o - 9. Is a(-11) a prime number?
True
Suppose 4*q - 367 = 5. Let v = 256 - q. Is v prime?
True
Suppose -7 = 4*x + m, -m - 8 = 2*x + m. Let d = x - 59. Let u = 91 + d. Is u a prime number?
True
Suppose c + 2 - 5 = 0. Suppose -c*w = k + k - 499, 4*w + k = 657. Is w prime?
True
Suppose -2*u - 3 = -7. Suppose -3*k + 333 = u*q + q, 5*k - 4*q - 600 = 0. Suppose 54 = 2*i - k. Is i prime?
False
Is ((-10)/(-2) + -3)*422/4 composite?
False
Is (61278/(-12) - -2)*(-4)/6 a composite number?
True
Let b = -1 - -5. Suppose 3*r = -4*f - 20 + 63, -b*r = -20. Let h(k) = -k**3 + 10*k**2 - 3*k + 5. Is h(f) prime?
True
Suppose -4447 = -5*s + h, 3*h + 565 = 4*s - 2997. Is s a composite number?
True
Suppose 0 = -2*h - 5*x + x + 106, 0 = -4*h - x + 191. Is h a composite number?
False
Let i(v) = -20*v**3 + v**2 - v. Let s be (-2)/(-2*(-1)/(-1)). Let u be i(s). Is 1/5 + (-696)/u composite?
True
Let m(d)